en 2 is divided by (b/6)/((-4)/i)?
0
Suppose -o - 2*h - 2*h = -14, 56 = 4*o + 4*h. Calculate the remainder when o is divided by 4.
2
Let z be ((-18)/(-8))/(7/(-140)). Let p = z + 74. What is the remainder when p is divided by 15?
14
Suppose -6 = -2*i + 4. Suppose -i*h - 57 = -6*h. What is the remainder when h is divided by 29?
28
Let q = 21 + -6. What is the remainder when (-6)/4 + (-31)/(-2) is divided by q/18*2*3?
4
Let c = -4 - -2. Let a = c + 10. Calculate the remainder when 55 is divided by ((-4)/a)/(1/(-38)).
17
Suppose -2*m = z + 7, 0*m + 7 = 3*z - m. Let p be ((-8)/z)/(6/15). Let l = 35 + p. Calculate the remainder when 58 is divided by l.
13
Suppose -a = -0 + 1, -g - 5*a = -6. Let s = -6 + 23. Suppose -4*b = 3 + s, k - b - 26 = 0. Calculate the remainder when k is divided by g.
10
Let q be 60/27 + 6/(-27). Let g(n) = 4*n + q*n - 5*n. What is the remainder when 2 is divided by g(1)?
0
Calculate the remainder when 0 - (-4 + -1 + -2) is divided by 5.
2
Suppose 0 = 5*i - 76 - 59. Let b(v) = v**3 - 5*v**2 - 8*v - 2. Let c be b(6). Let j = 0 - c. What is the remainder when i is divided by j?
13
Let d = 48 + -35. What is the remainder when d is divided by 7?
6
Let y = -7 + 13. Let x = 15 - y. What is the remainder when (22/(-4) - 3)*-2 is divided by x?
8
Let y(b) = 3*b**3 + b + 2. Let w be y(2). Suppose 1 - 4 = 3*d. What is the remainder when (w/8)/(d/(-6)) is divided by 12?
9
Let o(m) = 7*m - 6. What is the remainder when o(11) is divided by 12?
11
Let n = 92 - 55. Suppose 4*g - 32 = 4*p, -32 = 3*p + 3*g + 2*g. Let s(f) = -f + 4. What is the remainder when n is divided by s(p)?
11
Let q = 14 + -9. Let d be (-4)/(-2)*(34 - 32). Suppose -u + o = 5*o + d, 5*u = q*o + 80. What is the remainder when u is divided by 5?
2
Let q = 57 + -20. What is the remainder when 108 is divided by q?
34
Suppose -2*a = -4*n - 2, -7 = -n + 2*a - 3*a. Let z be 1/(-2) - (-31)/n. What is the remainder when 19 is divided by (-1 + z)*1/2?
5
Let w be 325/3 - 4/(-6). Suppose 6 = 5*r - w. Calculate the remainder when r is divided by 12.
11
Let b(t) = 3*t. Let u(c) = 3*c. Let n(h) = 6*b(h) - 5*u(h). Suppose -g + 3*g - 16 = 4*p, 4*g + 2*p = 32. Calculate the remainder when g is divided by n(1).
2
Suppose -2*t + 3*s + 12 = -27, -5*t = 4*s - 40. Calculate the remainder when 46 is divided by t.
10
Suppose -2*p = -2*k + 2*p + 78, -4*k + 4*p + 148 = 0. Calculate the remainder when k is divided by 9.
8
Let u = 52 - 27. What is the remainder when u is divided by 14?
11
Suppose 77 = 5*v - 18. Suppose n - v = -w, -3*n = -8*n - 2*w + 89. Calculate the remainder when n is divided by 10.
7
Let m be ((-3)/(-9))/((-1)/(-15)). Let l be 2/2 + (m - -48). Suppose 6*k = 4*k + l. Calculate the remainder when k is divided by 14.
13
Let c = -28 + 59. Suppose 0 = -4*w + 2*w + 4. Suppose 33 = w*q + q. Calculate the remainder when c is divided by q.
9
Let s = -32 + 49. Let h be (0/(-1))/((-1)/1). Let b(c) = c**3 + c + 6. Calculate the remainder when s is divided by b(h).
5
Let n = -51 - -76. Calculate the remainder when n is divided by (2 - (-2 - -2)) + 5.
4
Let s = 16 + -15. What is the remainder when 8 is divided by ((0 - 3) + 8)/s?
3
Suppose -5 - 13 = -d. Calculate the remainder when d is divided by (-1)/(-4)*4*7.
4
Suppose 0*h + h - 7 = 0. Let i(p) = p**2 - 9*p - 6. What is the remainder when h is divided by i(10)?
3
Let k = 76 + -71. Calculate the remainder when 23 is divided by k.
3
What is the remainder when 158/12 + 5/(-30) is divided by 8?
5
What is the remainder when 82 is divided by (-3)/7 + 2041/91?
16
Let x(r) = -5*r - 2. Suppose 6*w + 15 = w + h, 0 = -4*h - 20. What is the remainder when 33 is divided by x(w)?
15
Let u(t) = 5*t - 1. Suppose 88 = 11*a - 7*a. Let w = 32 - a. Calculate the remainder when u(6) is divided by w.
9
Let i = 5 + 0. Let q(b) = -b**3 + 5*b**2 + 6*b + 7. What is the remainder when q(i) is divided by 10?
7
Let g(j) = -4 + 3 - 14*j + 0 - 5*j. What is the remainder when g(-1) is divided by 5?
3
Let o be (-4)/(-10) - (-3132)/45. Calculate the remainder when (o/(-4))/(-5)*8 is divided by 10.
8
Let a be (-1)/2 - (-1)/2. Suppose 4*w + a = 12. Suppose h = -w*h + 148. Calculate the remainder when h is divided by 19.
18
Suppose -4*x + 62 = -2*x. Calculate the remainder when 90 is divided by x.
28
Let o(h) = 5*h - 16. Let d(q) = q**3 + 2*q + 2. Calculate the remainder when d(3) is divided by o(7).
16
Suppose 2*o = 4*g - 54, g = -o - o + 1. Calculate the remainder when g is divided by 7.
4
Suppose -n + t + 0 = -65, -203 = -3*n - 5*t. Let j = n + -32. Calculate the remainder when j is divided by 7.
6
Let m = 93 - 71. Calculate the remainder when 86 is divided by m.
20
Suppose 0 = 3*s - 11 - 16. Let r = s + 9. Let c(d) = -d**3 + 4*d**2 + 7*d. Calculate the remainder when r is divided by c(5).
8
Let p(v) = v**3 - 4*v**2 - 9*v - 7. Calculate the remainder when 14 is divided by p(6).
3
Let k = -52 + 60. Suppose -5*z + 3*z + 4*t + 60 = 0, -t + 40 = 2*z. Calculate the remainder when z is divided by k.
6
Suppose -5*x = -134 - 106. Calculate the remainder when x is divided by 15.
3
Let w(q) = 3*q**3 + 3*q**2 - q - 2. Let u be w(2). Suppose h - u = -3*h. What is the remainder when 15 is divided by h?
7
Suppose 11*z + 57 = 14*z. Calculate the remainder when 56 is divided by z.
18
Let d = -54 + 62. Calculate the remainder when 37 is divided by d.
5
Let y = 111 - 64. What is the remainder when y is divided by 17?
13
Let q = 23 + -13. Suppose -q + 0 = 5*k. Let i = 5 - k. Calculate the remainder when 19 is divided by i.
5
Let k be 2/(-1 + (-3)/(-2)). Let t be k/(-10) - 22/(-5). Suppose -t - 10 = -2*i. What is the remainder when i is divided by 3?
1
Let y be -2 - 1/((-2)/4). Suppose -o + 28 = -y*l + 4*l, -2*l + 24 = 3*o. What is the remainder when 15 is divided by l?
3
Let x = 41 - 25. Calculate the remainder when x is divided by 8.
0
Let i(f) = -24*f - 1. Let t be i(-4). Suppose 16 = -q + 73. Let b = t - q. Calculate the remainder when b is divided by 20.
18
Suppose 0*j = 4*j + 2*o + 6, 3*o + 9 = -5*j. Suppose -4 = -j*w - 4*w. What is the remainder when 1 is divided by w?
0
Suppose -5*p - 124 = -2*z, 191 = 3*z - p - 4*p. Calculate the remainder when z is divided by 34.
33
Suppose -5*m = -12 - 13. Suppose 4*k = 2*k + 42. Suppose 0 = -5*i + k + 49. What is the remainder when i is divided by m?
4
Suppose -2*m - 24 = -6*m. What is the remainder when 23 is divided by m?
5
Let k be (-3)/(18/4)*-3. Let m = 80 + -48. Suppose k*t - m = 4. Calculate the remainder when 34 is divided by t.
16
Suppose 0 = -5*h + h + 348. Suppose 4*n = 65 + h. Let l(v) = 4*v**2 - 3*v - 2. What is the remainder when n is divided by l(-2)?
18
Suppose 28 = -0*z + z. Suppose 0 = 2*a + 2*a - z. Calculate the remainder when 11 is divided by a.
4
Suppose -4 = -u - u. Suppose -u*b + 16 = -b. Calculate the remainder when -2 - ((-1)/5 - (-164)/(-5)) is divided by b.
15
What is the remainder when ((-96)/56)/((-1)/7) is divided by 1/(-2*(-1)/14)?
5
Suppose -o + 5*k - 745 = 4*o, k + 606 = -4*o. Let f = o - -256. Suppose m + 2*m = f. Calculate the remainder when m is divided by 18.
17
Let x = -6 - -11. Suppose x*f = 70 - 15. Suppose -3 = 2*y - f. What is the remainder when 15 is divided by y?
3
Let c(x) = -x**3 + 5*x**2 - x + 7. Let n be c(5). Suppose 0 = i + n*i - 81. What is the remainder when i is divided by 10?
7
Suppose -s - 2 + 9 = 0. Let r(u) = -u**3 + 8*u**2 - 7*u + 9. Let x be r(s). Let z = 16 - x. What is the remainder when 12 is divided by z?
5
Let i = 8 - -20. Let f = 12 + 3. What is the remainder when i is divided by f?
13
Suppose 0 = 2*h - 44 + 12. Calculate the remainder when 62 is divided by h.
14
Let o be ((-54)/(-12))/(2/4). Let x = o - -11. Calculate the remainder when 58 is divided by x.
18
Suppose -6 + 3 = u. Let d = 25 + u. Let p(b) = -b**3 - 3*b**2 + 12. What is the remainder when d is divided by p(-3)?
10
Let l be -14*-1*1*-1. Let c be 7 + (-4 - -2) - 5. Let d = c - l. Calculate the remainder when 53 is divided by d.
11
Suppose 3*y + 5*r = 271, r + 123 - 560 = -5*y. Suppose -5*v - 14 = -3*u + y, 179 = 5*u - 3*v. Calculate the remainder when u is divided by 13.
11
Suppose 2*d - 2 = 6. Suppose -3*m + 7 = d*w - 1, -5*w = 5*m - 20. Calculate the remainder when 20 + (1 - -2 - 1) is divided by m.
6
Suppose 0 =